he second derivative of 1/2*x**3 - 1/12*x**4 + 0 + x**2 - 2*x. Let r = 4 + -1. Calculate f(r).
2
Let x be 6*-1*(0 - -1). Suppose -3*v + 3*l = 33, 0*v + 3*l = v + 15. Let a be 51/v - 4/x. Let r(z) = -z**2 - 4*z + 5. Determine r(a).
0
Let y(l) = l + 2. Suppose -4*j + 30 = -34. Suppose -20 = -j*a + 11*a. Determine y(a).
6
Let g(r) = -114*r + 59*r - 3 + 57*r. What is g(-4)?
-11
Let q(f) be the first derivative of 1/3*f**3 + 6*f - 1 - 1/2*f**2. Determine q(0).
6
Let h(n) be the first derivative of -n**2 - 3*n - 5. Give h(-2).
1
Suppose 0 = 7*l - 4*l + 18. Let j(n) = n + 13. What is j(l)?
7
Let g(x) = 0 + x + 0*x + 2. Suppose 0 = 3*n + n - 12. Suppose -4*a + z = a + 15, 0 = -5*a + n*z - 15. Give g(a).
-1
Let w(c) = 124 + 0*c**3 - 120 + 0*c - c**3 + 7*c**2 - 7*c. Give w(6).
-2
Let c(o) be the third derivative of o**9/6048 + o**8/20160 - o**6/720 + o**5/20 + o**2. Let n(b) be the third derivative of c(b). Give n(1).
10
Let o(h) = -h**3 - 4*h**2 + 2*h + 3. Suppose 2*r = -0*r - 6. Give o(r).
-12
Let u(r) = -r + 2. Let m be (-16)/(-2) - (1 + 0). Suppose 0 = 3*l - m*l + 3*i + 29, -i = 2*l - 7. What is u(l)?
-3
Let h(r) = r**2 + 2*r + 1. Let q(n) = -1. Let d(s) = -h(s) - 6*q(s). Let p be (-2 + 1)*(-3 + 8). Determine d(p).
-10
Let w(x) = -x - 2. Let a be w(-4). Let k(v) = a - 2*v**2 + 4*v**2 + 2*v - 3*v**2. Let t = -57 - -61. Give k(t).
-6
Let k(i) = -3*i - 114. Let z be k(-36). Let f(b) = 48*b + 129. Let u(c) = -3*c - 8. Let q(n) = -2*f(n) - 33*u(n). Give q(z).
-12
Let r be (1 - 3) + 2 - 6. Let k(u) be the third derivative of -u**6/120 - u**5/12 + u**4/4 + 3*u**3/2 - 51*u**2. Calculate k(r).
9
Let i(u) = u**3 + 3*u - 2*u**2 - 37 - 5*u + 36. Let v = 14 + -11. Determine i(v).
2
Let c(j) = -j**2 + 7*j - 6. Let h = -123 + 127. Give c(h).
6
Let z(q) = -q**2 - 3*q + 1. Let u(b) = -6*b**2 - 14*b + 4. Let s(x) = 2*u(x) - 9*z(x). Suppose 0*t = t + 1. Calculate s(t).
-3
Suppose -l = 4*l - 30. Let i(a) = a**3 - 3 + 4 + 3*a - 6*a**2 - 4*a + 0*a. Calculate i(l).
-5
Let i be (-6 - -1)*(-4)/10. Let a be (-1)/i + (-49)/(-14). Let x(p) = p**2 + 10*p - 4*p - a + 9. Determine x(-4).
-2
Let v(c) = c**2 + 2*c - 1. Let m = 4 + -6. Let b be m/10 - (-98)/(-35). Give v(b).
2
Let s = -10 - -15. Suppose 4*u + 5 = s*z, 5*u - 4*u = 2*z - 2. Let i(f) = f**2 + 5. Determine i(u).
5
Let g(t) = 16 - t**2 - 7*t - 14 + 2*t**2. Calculate g(7).
2
Let r(m) be the third derivative of 0*m + 1/3*m**4 - 1/60*m**5 + 6*m**2 - 5/6*m**3 + 0. Give r(6).
7
Let c(i) = i**2 + 3*i + 4. Let u(n) be the first derivative of 2*n**3/3 - n**2 - 3. Let k be u(2). Suppose j - 16 = t + 4*t, k = -4*t + 3*j. Give c(t).
8
Let f = 4 - 9. Let u(l) be the third derivative of -l**6/720 - 7*l**5/120 + l**4/8 - 4*l**2. Let p(z) be the second derivative of u(z). Calculate p(f).
-2
Let y(a) = 2*a**3 - 3*a**2 + a + 2. Let h be (-169)/(-65) + (-6)/10. What is y(h)?
8
Let g = 1 - -5. Let p(t) = -t**3 + 5*t**2 + 6*t - 8. Give p(g).
-8
Let z(k) = 11*k**3 - 2*k**2 - 5*k - 1. Let l(j) = -j**3 + j. Let f(h) = 3*l(h) + z(h). Calculate f(-1).
-9
Suppose 5*c + 9 = 29. Suppose c = -3*n + 2*n. Let a(g) = g**2 + 3*g**2 - 1 - 3*g**2 + 6*g. Determine a(n).
-9
Let w = -5 + 9. Suppose 2*q - 12 = -q, q = 4*r - w. Let y(h) = 12*h - 8. Let j(l) = -13*l + 9. Let a(d) = 6*j(d) + 7*y(d). What is a(r)?
10
Let a = 2 - 3. Let h be (0 - (-3)/3)*1. Let p(t) = t**3 + t - 1. Let i(r) = r**3 + r**2 + 5*r - 6. Let x(s) = h*i(s) - 5*p(s). Determine x(a).
4
Let r(x) = 3*x - 3. Suppose -3*u = -6*u + 6. Suppose 0 = u*b - b - 2. What is r(b)?
3
Let p = 39 - 36. Let n(v) = -v**2. Determine n(p).
-9
Suppose -v = -4*v + 9. Suppose 4*c - v*c - 13 = -5*n, 3*c + 4*n - 6 = 0. Let o(i) = i**3 - i. What is o(c)?
-6
Let c(g) = -2 + 0 + g + 9*g**2 + 1. Let l(y) = 2 + y - 5 - 3. Let i be l(7). Determine c(i).
9
Let m(q) = -2*q + 7. Let i = 3 + 0. Suppose i + 12 = 3*k. Let r be k*(-3)/(-3)*1. What is m(r)?
-3
Let c = 4 - 2. Suppose c*z - z - 4 = 0. Let h(u) be the third derivative of -u**4/24 - u**3/6 - 2*u**2. Give h(z).
-5
Let q(b) = 2*b**2 + 4*b + 4. Let w(a) = -5*a - a + 5*a - a**2 + 0*a**2. Let r(i) = q(i) + 3*w(i). What is r(-3)?
-8
Let b(g) = -g - 1. Let l(i) = i**3 + 3*i**2 - 3*i + 5. Let f be l(-4). Let a be -1 + f - (-11 + 1). Let t be 6/15 + 46/a. What is b(t)?
-6
Let t = 13 + -13. Let a(s) be the third derivative of s**6/120 + s**5/60 - s**4/24 + 5*s**3/3 + 2*s**2. Calculate a(t).
10
Let d(y) = -2*y + 13. Let l = 9 - 3. Let b(h) = h - 7. Let j(z) = l*d(z) + 11*b(z). Let k be 5/(-1 - (-2)/1). Calculate j(k).
-4
Let y(a) = -4*a**2 + a**2 - 2*a**2 + 3 - a**3 - 3*a. Let l be (7 + -6)/(((-5)/20)/1). What is y(l)?
-1
Let b(n) = 1 - 2 + 0 + 5 + n. What is b(-5)?
-1
Let y(l) = 2*l**2 - 3*l**3 + 3*l + l**2 - 2*l + 2*l**3 + 4. Suppose 4*u + 26 = -5*h, -2*u + 5*u + 21 = -4*h. Let x = h + 9. Calculate y(x).
7
Let v(d) = d**3 + d**2 - 14. Let l = 60 + -60. Calculate v(l).
-14
Let t(q) be the second derivative of -q**3/3 + 9*q. Determine t(2).
-4
Let b(h) = h**2 - 3*h + 4. Let u be 8/(-3) - (-2)/(-6). Let n(k) = 2*k**2 + 3*k + 3. Let q be n(u). Let t be (-4 + 1)*q/(-9). Determine b(t).
8
Let n(m) = m + 3 + 1 - 2 - 1. Let u be n(-2). Let c(h) = -4*h - 1. Determine c(u).
3
Let r(z) = z**3 - 11*z**2 - 13*z + 16. Let b be r(12). Suppose 5*s = -b*k - 1 - 7, 0 = -4*k + 3*s - 8. Let w(n) = -3*n. Give w(k).
6
Let x(p) be the second derivative of p**6/360 - p**5/30 + p**4/6 - 5*p. Let a(b) be the third derivative of x(b). What is a(4)?
4
Let d(u) be the first derivative of u**2/2 - 46. Determine d(1).
1
Let l = -13 + 18. Let i(c) = -14 + 6*c + 11 - l*c. Give i(6).
3
Let a(b) = 2*b**2 - 7*b - 9. Suppose -j + 2 = 12. Let z(s) = s**2 - 4*s - 5. Let k(r) = j*z(r) + 6*a(r). Determine k(3).
8
Let c(j) = j**2 + 4*j + 2. Let v be c(-4). Let x(f) = -f**3 - 4*f + 4*f - 3*f**2 + 6*f**2 - 2. What is x(v)?
2
Let a(q) = q**2 - q + 27. Let i be a(0). Let n = -19 + i. Let u = n - 13. Let k(f) = f + 6. What is k(u)?
1
Let x(h) be the second derivative of 0 + 2*h + 1/10*h**5 + 1/6*h**3 - h**2 - 1/4*h**4. Suppose 0 = -g + 2*g - 2. Determine x(g).
4
Let b(r) be the third derivative of r**5/60 + r**4/4 + r**3 + 7*r**2. Let h(m) = -9*m**2 - m. Let s be h(1). Let t = -15 - s. What is b(t)?
1
Let j(o) = o**3 + 10*o**2 - o - 10. Let x be j(-10). Let s(p) = -p + 11. Give s(x).
11
Let k(p) = -3*p**3 - 7*p + p**3 - 141*p**2 + p**3 + 3 + 149*p**2. Let b be (1 + 2/(-1))*-7. What is k(b)?
3
Let u(v) = -v**3 + 5*v**2 + 6*v + 1. Let h be u(6). Let m(b) = 4*b**2 - 10*b**2 + b - 13*b**2 + b**2. Calculate m(h).
-17
Let j(w) = -w - 8. Let g(a) = -2*a + 5 - 4 + 0. Let h(r) = -r**2 - 4*r - 1. Let p be h(-2). Let z be g(p). What is j(z)?
-3
Let c(k) be the second derivative of k**5/60 + k**3/6 + 3*k**2/2 - 4*k. Let p(d) be the first derivative of c(d). Calculate p(-2).
5
Suppose 8 = -3*p + p. Let j(g) = -2*g + 8. Let i(w) = 5*w - 24. Suppose 2*u - 26 + 10 = 0. Let n(y) = u*j(y) + 3*i(y). Determine n(p).
-4
Suppose -4*b + 56 = 4*g - 0*g, 0 = g + 5*b - 6. Suppose -f - g = 3*f. Let p(q) = 0 - 1 - 4 - q. Determine p(f).
-1
Let o(k) = -k**2 + 2*k - 1. Suppose 2*s + 6 - 2 = 0. What is o(s)?
-9
Let x(y) be the second derivative of -y**4/12 + y**3/2 + 3*y**2/2 + 2*y - 18. What is x(5)?
-7
Let c(a) be the first derivative of -1 + 1/2*a**2 - 1/12*a**4 + 0*a + 0*a**3. Let q(y) be the second derivative of c(y). Calculate q(-1).
2
Let u(g) be the third derivative of -g**6/120 + g**5/60 - 5*g**3/3 - 9*g**2. Calculate u(0).
-10
Let k = -3 + 7. Let a(y) = -11*y + 15. Let x(s) = -5*s + 7. Let d(l) = k*a(l) - 9*x(l). What is d(7)?
4
Let f(y) = y**2 - 4. Let i(m) = -m**2 + 5. Let u(z) = 4*f(z) + 3*i(z). Calculate u(1).
0
Let z be 2 + 6 + -2*2. Let f(b) be the third derivative of 0*b + 0 + b**2 + 1/2*b**3 + 1/12*b**z. Give f(-2).
-1
Suppose 2*m - 4*m + 12 = 0. Let j = m - 1. Let b(x) be the second derivative of x**4/12 - 7*x**3/6 + x**2 - x. Give b(j).
-8
Let u(j) = j**2 - 8*j - 8. Let i(n) = n + 14. Let s be i(-5). Determine u(s).
1
Let g = 22 - 33. Let q = 16 + g. Let v = q + -2. Let a(f) = f**3 - 2*f**2 - f - 2. Determine a(v).
4
Let d(p) be the second derivative of p**3 - p**2/2 - 34*p. What is d(1)?
5
Let o(q) = q**3 + 5*q**2 + 5*q + 6. Let w be o(-4). Let n(y) = -y**3 - y - 2. Determine n(w).
-12
Suppose -z = -4*z - 9. Let y(b) be the 